2 - 23*y + 13. Let u be k(8). Let i be 14/((8/(-132))/(-1)). Calculate the highest common divisor of u and i.
21
Let n(q) = 4*q**3 - 2*q**2 + 2*q + 2. Let b be n(2). Suppose 65*j + 108 = 73*j + 3*p, -5*p + 40 = 4*j. Calculate the highest common factor of j and b.
15
Let n be (-49952)/(-308) - 2/11. Suppose -16*a + 14*a = -36. What is the highest common factor of n and a?
18
Let c be (-1 - -2)*(16 - -140). Calculate the highest common divisor of 13 and c.
13
Let l(h) = -11*h + 2. Let q be l(-1). Let f = -12 + q. Calculate the greatest common divisor of f and 2.
1
Let h be (-6 + 7)/(1/2). Let n be -5*(-40)/(0 - h). Let d = -61 - n. What is the highest common factor of d and 78?
39
Let k(a) = 2*a**3 + 17*a**2 + 7*a - 2. Let v be k(-8). Let z be 2/(-3 + 4) + v. What is the highest common divisor of 24 and z?
8
Let l be (-6)/25*-5*(-80)/(-6). Let j = 26 + -22. Calculate the highest common divisor of j and l.
4
Suppose 52*c - 8*c = 792. Let m(y) = -y**2 + 8*y - 6. Let s be m(5). What is the highest common divisor of c and s?
9
Let p(v) = 56*v - 183. Let t be p(6). Calculate the highest common divisor of t and 18.
9
Let q be (0 + 4/2)/((-1)/(-2)). What is the highest common factor of q and 268?
4
Suppose -7 - 20 = -u. Suppose 4*j + 25 = -j, -z = -2*j - u. What is the greatest common divisor of z and 17?
17
Let p(c) = 19*c - 86. Let y be p(5). Calculate the highest common factor of 9 and y.
9
Let o = 51 - 20. Let j = o + -25. Suppose 4*d + 4 = 16. What is the greatest common factor of j and d?
3
Suppose -u - 84 = -3*u. Suppose -3*o + 37 = -5*y, -6*o + 5*y + 23 = -4*o. Calculate the greatest common divisor of o and u.
14
Let l = -69 + 30. Let x = l + 57. Calculate the highest common factor of x and 108.
18
Let s be (2/7)/(-1 + (-110)/(-105)). What is the highest common divisor of 138 and s?
6
Let d = 236 + -208. Calculate the highest common divisor of d and 126.
14
Let v(i) = 2*i**2 - 2*i - 33. Let z be v(10). What is the highest common divisor of z and 63?
21
Suppose -26*z + 31*z = 40. Suppose 3*r - 20 = -z. What is the greatest common factor of r and 2?
2
Let o = 10 + 28. What is the greatest common divisor of 228 and o?
38
Let h be (-426)/(-6) - 24/3. Calculate the highest common divisor of h and 315.
63
Suppose 0 = -20*z + 15*z - 2*b + 96, 4*b = -2*z + 32. Calculate the greatest common divisor of z and 90.
10
Suppose 4*r - 96 = -17*w + 13*w, 2*r - 8 = 0. Suppose -37 - 13 = -5*a. Suppose 0 = 3*j - 160 + a. Calculate the greatest common divisor of j and w.
10
Let b be -3*(-7)/(-28) - 46/(-8). Calculate the highest common divisor of 1175 and b.
5
Suppose -217*v = -226*v + 24570. What is the greatest common divisor of 26 and v?
26
Let b(o) = o**2 + o + 3. Let q be b(-3). Let u be -4 - -1 - (13 + -7 - 45). What is the greatest common divisor of q and u?
9
Let p be 2/11 - 279/(-99). Let r = 23 + p. What is the greatest common divisor of 104 and r?
26
Let n = -25 - -46. Let f = 55 + n. Let k(s) = s**3 + 6*s**2 - 4*s - 5. Let w be k(-6). Calculate the greatest common factor of f and w.
19
Let z(q) = -q**3 - 5*q**2 + 5*q - 1. Let h be z(-6). Let y(w) = -10*w - 8*w + 3 - h. Let k be y(-3). What is the highest common divisor of 13 and k?
13
Suppose 3*x + 3 = 0, -2*z - 2*x + 1 = -5. Let d(j) = 5*j**2 + 5*j + 3. Let o be d(z). Let p = o + 23. Calculate the highest common factor of p and 18.
18
Suppose -4*o + 0*o + 8 = 0. Suppose 88 + 24 = o*j. Calculate the highest common divisor of j and 16.
8
Let t(r) = -2 - r + 7 - 7. Let i be t(-4). Let l(b) = b**3 + 2*b**2 - 1. Let z be l(1). Calculate the highest common factor of z and i.
2
Let i = 1160 - 1074. What is the greatest common factor of 1333 and i?
43
Suppose -22*f + 897 = -3261. What is the greatest common divisor of f and 126?
63
Suppose -2*i + 28 = 4*c, 4*c - 81 = -4*i + c. Let l be (-1 - (-102)/10)*15. Let y = l + -42. Calculate the greatest common factor of i and y.
24
Let x(v) = -v**2 - 13*v - 20. Let y be x(-11). What is the highest common divisor of y and 1?
1
Let b(n) = -n + 17. Let f be b(-4). Let z = -17 + f. What is the highest common divisor of z and 44?
4
Let m = 38 + -35. Let b be -1*m - 2*(-30)/12. Calculate the greatest common divisor of 5 and b.
1
Let u be 4 - (4 + -2 + 1). Let p(i) = 11*i. Let x be p(u). What is the greatest common divisor of 121 and x?
11
Let c be (-11)/(-22) + 802/4. Suppose -2*b = -3*v + b + 195, -c = -3*v + b. Let y be v + -3*(0 + 1). Calculate the highest common factor of 26 and y.
13
Suppose -5*x = 2*k + 5, 0 = -2*x + x + k - 8. Let v be -6*4/(-1 - -9). Let y be v + (-2 - x)*47. Calculate the highest common divisor of y and 22.
22
Let k(f) be the second derivative of f**3/3 + 5*f**2/2 - 7*f. Let h be k(-5). Let i be 10*(-3 + (-19)/h). What is the highest common factor of i and 32?
8
Let m(c) = -c**3 + 78*c**2 + 3*c - 204. Let j be m(78). Calculate the greatest common factor of 186 and j.
6
Suppose 0 = 2*s - 13 - 7. Let y = -6 + -2. Let x = y + 10. What is the highest common factor of s and x?
2
Let v be (50/4)/(3/36). Suppose -42*p - 564 = -1824. What is the greatest common factor of p and v?
30
Let s = 86 - 60. Let u be ((-728)/42)/(24/(-54)). What is the greatest common divisor of s and u?
13
Let k = -17446 - -17521. Suppose 5*a + q - 72 = 0, 0 = 2*a - 0*q - 2*q - 36. What is the highest common divisor of k and a?
15
Suppose 0 = -5*x + 183 - 58. Suppose -x = -q - 1. Let w be 3/(-6) + (-13)/(-2). What is the greatest common factor of q and w?
6
Let b = 250 - 170. Let a = -1032 + 1152. What is the greatest common divisor of b and a?
40
Suppose f = -4*t + 268, 2*t + 205 = f - 33. What is the greatest common divisor of 31 and f?
31
Let n = -314 - -374. Calculate the greatest common factor of n and 24.
12
Suppose -3*s + s + 28 = 2*k, -2*k = -8. Let v(q) = 13*q**2 - q. Let n(p) = -p + 10. Let x be n(8). Let y be v(x). What is the greatest common factor of y and s?
10
Suppose 0*v = -2*v + 22. Let k(c) = -c**3 + 10*c**2 + 11*c + 2. Let d be k(v). Let o be 2 + 19 - (d - 1). Calculate the highest common factor of 10 and o.
10
Let o = 603 - 558. What is the highest common factor of o and 240?
15
Let z(t) = -t**3 + 8*t**2 + 3*t - 13. Let j be z(7). Let v = 0 - -2. Suppose v*s - 114 = -s. What is the highest common divisor of j and s?
19
Let l(i) = -22*i - 283. Let o be l(-14). Suppose 0*n + 10 = 2*n. Calculate the highest common divisor of n and o.
5
Let u(s) = -s**3 - 6*s**2 - 10*s + 1. Let o be u(-3). What is the highest common divisor of o and 1?
1
Suppose 0 = -2*n + 92 + 160. Suppose 4*j - 4*i = -5*i + 61, 2*i - 66 = -4*j. Calculate the greatest common factor of j and n.
14
Let n = 212 - 209. Calculate the highest common divisor of 11 and n.
1
Let x be ((-180)/(-2))/((-159)/(-106)). What is the greatest common factor of 72 and x?
12
Suppose 2*x = 2*f + 44, -3*f - 56 = -x - 0*x. Let z = -19 - f. Let j be 14/(z*1/(-8)). Calculate the greatest common divisor of j and 7.
7
Let m(b) = -b - 6. Let t be m(0). Let n be (24/20)/(t/(-165)). What is the greatest common factor of 99 and n?
33
Let c(j) = -j**3 + 13*j**2 + j + 10. Let k = 16 - 3. Let m be c(k). Calculate the greatest common divisor of 184 and m.
23
Let v(k) = -k**3 + 11*k**2 + 12*k. Let m be v(12). Suppose -2*j = -6*j + 576. Suppose -3*o - o + j = m. What is the highest common divisor of 24 and o?
12
Let z be 2/(-3) - (-632)/12. Let x(j) = -3*j - 8. Let b = -10 + 3. Let w be x(b). Calculate the greatest common factor of z and w.
13
Suppose -5*y + 3*w = 264, 6*y + 214 = 2*y + w. Let m = -34 - y. What is the greatest common divisor of m and 180?
20
Let m(h) be the third derivative of h**4/24 + h**3/3 + 2*h**2. Let d be m(4). Let k = 11 - 8. What is the greatest common divisor of d and k?
3
Let f be (-11)/(-44) - 1942/(-8). Let x(n) = n + 48. Let u be x(-21). Calculate the greatest common divisor of f and u.
27
Suppose 0*d = -5*d + 15. Suppose x - 1 + 9 = 4*a, 5*x = -4*a + 32. Suppose -c - x = 3*i, 8*c - 22 = d*c - i. Calculate the greatest common factor of c and 25.
5
Let i be (1/(-2))/(2 - 61/30). What is the highest common factor of 255 and i?
15
Let q(c) = -c**3 + 7*c**2 - 6*c + 4. Let j be q(6). Suppose 4*g + j + 43 = l, 0 = -l + g + 32. What is the greatest common factor of l and 216?
27
Let w = 204 - 189. What is